{"id":545,"date":"2025-04-04T08:33:17","date_gmt":"2025-04-04T08:33:17","guid":{"rendered":"https:\/\/trans-border.net\/?page_id=545"},"modified":"2025-08-28T14:25:59","modified_gmt":"2025-08-28T14:25:59","slug":"chain-of-action-2025","status":"publish","type":"page","link":"https:\/\/trans-border.net\/index.php\/chain-of-action-2025\/","title":{"rendered":"Chain of Action 2025"},"content":{"rendered":"\n<figure class=\"wp-block-image size-full\"><img loading=\"lazy\" decoding=\"async\" width=\"1024\" height=\"535\" src=\"https:\/\/trans-border.net\/wp-content\/uploads\/2025\/05\/Idomeni-2016-1024x535-1.jpg\" alt=\"\" class=\"wp-image-580\" srcset=\"https:\/\/trans-border.net\/wp-content\/uploads\/2025\/05\/Idomeni-2016-1024x535-1.jpg 1024w, https:\/\/trans-border.net\/wp-content\/uploads\/2025\/05\/Idomeni-2016-1024x535-1-300x157.jpg 300w, https:\/\/trans-border.net\/wp-content\/uploads\/2025\/05\/Idomeni-2016-1024x535-1-768x401.jpg 768w\" sizes=\"auto, (max-width: 1024px) 100vw, 1024px\" \/><\/figure>\n\n\n\n<p class=\"has-small-font-size\">*<em><strong>Fran\u00e7ais ci-dessous<\/strong><\/em><\/p>\n\n\n\n<p><strong>(EN) 10 Years after the Summer of Migration \u2013 Invitation for a Transnational Chain of Actions culminating in September 2025<\/strong><\/p>\n\n\n\n<p>For a few months in summer 2015, migrants moved freely across Europe, even using public buses and trains to reach their destinations, where they were welcomed by solidarity movements in many cities. During this summer of migration, open borders and freedom of movement for all were no longer slogans or distant utopias but a lived reality!<\/p>\n\n\n\n<p>At the occasion of the 10th anniversary of the summer of migration, we want to raise our voices together, as loud as possible, to break the normalization of migrants\u2019 deaths. We want to come together, and through common struggle, create a space for joy and hope in these dark times.<\/p>\n\n\n\n<p>With this vision of struggle we want to invite all refugee and migrant selforganisations, all networks of solidarity and support to join and to prepare a transnational chain of decentralized activities throughout coming summer and culminating in September 2025.<\/p>\n\n\n\n<p><strong>Read the different calls:<\/strong><\/p>\n\n\n\n<ul class=\"wp-block-list\">\n<li>First call: <a href=\"https:\/\/trans-border.net\/index.php\/free-movement-open-borders-end-deaths\/\" data-type=\"post\" data-id=\"505\">Free Movement! Open Borders. End Deaths.<\/a><\/li>\n\n\n\n<li>Second call: <a href=\"https:\/\/trans-border.net\/index.php\/18th-of-april-2025-10-years-after-the-largest-shipwreck-in-recent-mediterranean-history-we-call-for-open-borders-to-end-deaths\/\" data-type=\"post\" data-id=\"565\">18th of April 2025 \u2013 10 years after the largest shipwreck in recent Mediterranean history, we call for open borders to end deaths!<\/a><\/li>\n<\/ul>\n\n\n\n<p><a href=\"https:\/\/trans-border.net\/index.php\/chain-of-action-2025\/kick-off-of-the-transnational-chain-of-action-online-conference\/\">Kick-off conference<\/a><br><a href=\"https:\/\/trans-border.net\/index.php\/provisional-calendar-for-the-transnational-chain-of-actions\/\" data-type=\"post\" data-id=\"571\">Calendar for the Transnational Chain of Actions<\/a><br><br><\/p>\n\n\n\n<p class=\"has-text-align-right\"><strong>Coalition for Free Movement<\/strong><br><em>Composed by members of Afrique Europe Interact, Border Forensics, LeaveNoOneBe-<br>hind, Louise Michel, Maldusa, migration control, Mediterranea Saving Humans, no one is<br>illegal, Refugees in Libya, Sea Watch, WatchTheMed Alarm Phone, Welcome to Europe,<br>We`ll Come United<\/em><\/p>\n\n\n\n<p><strong>Join the process!<\/strong><br>Contact: chain-of-action@tsc25.net<br><\/p>\n\n\n\n<p>&#8212;<br><strong>(FR) Dix ans apr\u00e8s l&#8217;\u00e9t\u00e9 des migrations \u2013 Invitation \u00e0 une cha\u00eene d&#8217;actions transnationales qui culminera en septembre 2025<\/strong><\/p>\n\n\n\n<p>Pendant quelques mois, durant l&#8217;\u00e9t\u00e9 2015, les migrant.es ont circul\u00e9 librement \u00e0 travers l&#8217;Europe, utilisant m\u00eame les bus et les trains publics pour atteindre leur destination, o\u00f9 ils et elles ont \u00e9t\u00e9 accueillis par des mouvements de solidarit\u00e9 dans de nombreuses villes. Au cours de cet \u00e9t\u00e9 migratoire, l&#8217;ouverture des fronti\u00e8res et la libert\u00e9 de circulation pour tous n&#8217;\u00e9taient plus des slogans ou des utopies lointaines, mais une r\u00e9alit\u00e9 v\u00e9cue !<\/p>\n\n\n\n<p>\u00c0 l&#8217;occasion du 10e anniversaire de l&#8217;\u00e9t\u00e9 des migrations, nous voulons \u00e9lever nos voix ensemble, aussi fort que possible, pour briser la normalisation des morts des personnes migrants. Nous voulons nous rassembler et, \u00e0 travers une lutte commune, cr\u00e9er un espace de joie et d&#8217;espoir en ces temps sombres.<\/p>\n\n\n\n<p>Avec cette vision de la lutte, nous voulons inviter toutes les organisations autonomes de r\u00e9fugi\u00e9.es et de migrant.es, tous les r\u00e9seaux de solidarit\u00e9 et de soutien \u00e0 se joindre \u00e0 nous et \u00e0 pr\u00e9parer une cha\u00eene transnationale d&#8217;activit\u00e9s d\u00e9centralis\u00e9es tout au long de l&#8217;\u00e9t\u00e9 prochain, qui culminera en septembre 2025.<\/p>\n\n\n\n<p><strong>Lire les diff\u00e9rents appels :<\/strong><\/p>\n\n\n\n<ul class=\"wp-block-list\">\n<li>Premier appel: <a href=\"https:\/\/trans-border.net\/index.php\/free-movement-open-borders-end-deaths\/\" data-type=\"post\" data-id=\"505\">Libert\u00e9 de mouvement ! Ouverture des fronti\u00e8res. Fin des morts aux fronti\u00e8res.<\/a><\/li>\n\n\n\n<li>Deuxi\u00e8me appel: <a href=\"https:\/\/trans-border.net\/index.php\/18th-of-april-2025-10-years-after-the-largest-shipwreck-in-recent-mediterranean-history-we-call-for-open-borders-to-end-deaths\/\" data-type=\"post\" data-id=\"565\">18 avril 2025 \u2013 10 ans apr\u00e8s le plus grand naufrage de l&#8217;histoire r\u00e9cente de la M\u00e9diterran\u00e9e, nous appelons \u00e0 l&#8217;ouverture des fronti\u00e8res pour mettre fin aux morts !<\/a><\/li>\n<\/ul>\n\n\n\n<p class=\"has-text-align-right\"><strong>Coalition pour la libert\u00e9 de mouvement<\/strong><br><em>Composed by members of Afrique Europe Interact, Border Forensics, LeaveNoOneBe-<br>hind, Louise Michel, Maldusa, migration control, Mediterranea Saving Humans, no one is<br>illegal, Refugees in Libya, Sea Watch, WatchTheMed Alarm Phone, Welcome to Europe,<br>We`ll Come United<\/em><\/p>\n\n\n\n<p><a href=\"https:\/\/trans-border.net\/index.php\/provisional-calendar-for-the-transnational-chain-of-actions\/\" data-type=\"post\" data-id=\"571\">Calendrier &#8211; Chaine d&#8217;actions transnationale<\/a><\/p>\n\n\n\n<p><a href=\"https:\/\/trans-border.net\/index.php\/chain-of-action-2025\/kick-off-of-the-transnational-chain-of-action-online-conference\/\">Conf\u00e9rence de lancement<\/a><\/p>\n\n\n\n<p><strong>Rejoignez le mouvement ! <\/strong><br>Contact : <a href=\"mailto:chain-of-action@tsc25.net\">chain-of-action@tsc25.net<\/a><\/p>\n\n\n\n<p><br><\/p>\n\n\n\n<p><\/p>\n","protected":false},"excerpt":{"rendered":"<p>*Fran\u00e7ais ci-dessous (EN) 10 Years after the Summer of Migration \u2013 Invitation for a Transnational Chain of Actions culminating in September 2025 For a few months in summer 2015, migrants moved freely across Europe, even using public buses and trains to reach their destinations, where they were welcomed by solidarity<\/p>\n","protected":false},"author":1,"featured_media":0,"parent":0,"menu_order":0,"comment_status":"closed","ping_status":"closed","template":"","meta":{"footnotes":""},"class_list":["post-545","page","type-page","status-publish","hentry","comments-off"],"_links":{"self":[{"href":"https:\/\/trans-border.net\/index.php\/wp-json\/wp\/v2\/pages\/545","targetHints":{"allow":["GET"]}}],"collection":[{"href":"https:\/\/trans-border.net\/index.php\/wp-json\/wp\/v2\/pages"}],"about":[{"href":"https:\/\/trans-border.net\/index.php\/wp-json\/wp\/v2\/types\/page"}],"author":[{"embeddable":true,"href":"https:\/\/trans-border.net\/index.php\/wp-json\/wp\/v2\/users\/1"}],"replies":[{"embeddable":true,"href":"https:\/\/trans-border.net\/index.php\/wp-json\/wp\/v2\/comments?post=545"}],"version-history":[{"count":8,"href":"https:\/\/trans-border.net\/index.php\/wp-json\/wp\/v2\/pages\/545\/revisions"}],"predecessor-version":[{"id":623,"href":"https:\/\/trans-border.net\/index.php\/wp-json\/wp\/v2\/pages\/545\/revisions\/623"}],"wp:attachment":[{"href":"https:\/\/trans-border.net\/index.php\/wp-json\/wp\/v2\/media?parent=545"}],"curies":[{"name":"wp","href":"https:\/\/api.w.org\/{rel}","templated":true}]}}